 31.
24
34 - 23 - (1 + 39)
-29
What is the value of 48 + (-13 - 14 - -8)?
29
Evaluate -5 - (-6 + -4) - (-5 - -20).
-10
-13 + (-6 - -6) - -5
-8
Calculate (1 + -1 - 48) + (-74 - -130 - 46).
-38
What is the value of -21 - -25 - (5 - -4)?
-5
What is the value of 1 + 6 + (-4 - -12) + -8?
7
What is the value of 23 - (16 + (-19 - -7))?
19
What is the value of -22 - -60 - (-1 - -21)?
18
6 + (-19 - -13) + -1
-1
What is the value of -20 - -7 - -16 - -8?
11
Evaluate (4 - 11) + (8 - (-1 + 4 - 6)).
4
What is the value of -10 + 1 + 22 - 3?
10
-16 - (-33 + 17 + 3)
-3
Calculate -11 + -7 + 26 - (1 + -4).
11
Calculate (23 - 0) + -581 + 573.
15
What is -18 + 27 + 2 + -12?
-1
What is 2 + 2 + (1 - 0) + (-2 - -6)?
9
What is -4 + (-15 + (-11 - -12) - 10)?
-28
Calculate -4 - ((-17 - (-18 - -13)) + 36).
-28
6 + -7 - (-7 + 7) - (-2 + -1)
2
Evaluate 18 + (28 - 3 - 30).
13
10 + -22 - -27 - 5
10
What is 0 + 44 - (-3 + (61 - 43))?
29
What is (6 - (19 - -8) - -8) + -8?
-21
Evaluate (0 + -7 - -3) + -2 + 11 + 1.
6
Evaluate -17 + 59 + -3 + -18.
21
Evaluate 11 + (-17 - -23) - (2 + 18).
-3
Evaluate -2 + (3 - 5) + (-2 - -7) + 11.
12
-24 + 54 + (9 - 38)
1
-1 - (16 + -18 + -4 + (0 - -4))
1
What is (-6 - (1 - -3)) + 56 + -46?
0
What is the value of -10 - (-2 - 4 - (1 + -6))?
-9
Evaluate (2 - -18 - 39) + (0 - -10).
-9
What is -30 + 28 + -13 - (-17 - -6)?
-4
Calculate 52 + -84 + (13 - 1).
-20
What is the value of (-4 - 2) + (45 - 48) + 0?
-9
-5 - ((4 - 1) + (-37 - -27))
2
Evaluate 67 + 12 + -84 + (27 - (1 - 0)).
21
-6 + 2 + -12 + 1 + 0
-15
What is the value of 1 - -6 - (42 + (14 - 48))?
-1
Calculate 0 + -9 + 11 + -24 + 36 + 11.
25
What is the value of -3 + 1 + -9 + 101 + -121?
-31
What is the value of 9 + 1 + (36 + -25 - (7 + 2))?
12
-17 + 4 + -1 + (-28 - -62)
20
Calculate -3 + (-6 - -9) + -2 + 7.
5
Evaluate (345 - 334) + (-1 - -17).
27
7 + 0 + (-11 - (-6 - -3)) - -2
1
Calculate 1 - -6 - (16 + -38 + 9 + 27).
-7
-20 - (36 + -72 + -22)
38
What is (7 - -1) + (-2 - 13 - -16)?
9
32 + (2 - 36) - -5
3
Calculate -16 - (20 - (67 - 23)).
8
What is the value of (-4 - -8 - 5) + (-1 + 8 - 1)?
5
What is 55 + -61 - (-1 + 1) - -5?
-1
Calculate -17 + 45 + -21 - (-21 - (0 + -3)).
25
Evaluate -28 + 6 - -47 - 43.
-18
4512 + -4533 + (18 - (-2 + 1))
-2
Calculate -12 + 17 + -1 - (0 + 20) - -7.
-9
Evaluate -36 + 20 + (15 - 12).
-13
-23 + (12 - -3 - -2)
-6
-7 + (11 - -2 - 9)
-3
What is the value of 26 - (-20 - -44 - 16)?
18
What is 34 + -25 + -35 - -41?
15
What is -11 - (4 + -2) - -3?
-10
Calculate 0 + 4 + -2 + -6 + (24 - 18).
2
What is -1 + (-3 - 0) + 3 - -7?
6
What is the value of 11 - (-1 - -7) - (0 - (38 - 10))?
33
What is 6 - (-2 + 6 - (1 - 13)) - 1?
-11
(-2 - -25) + 8 + 18 + -33
16
Calculate (-28 - -15 - 4) + -7.
-24
What is (0 - 20) + 2254 + -2218?
16
What is the value of -39 - ((-5 - 60) + 32)?
-6
What is 9 + -21 + 29 + -2 + 4 + -5?
14
Evaluate (58 - (71 + -26)) + -28 + -1.
-16
What is 11 - 11 - (6 - (-5 + 5 + 16))?
10
Evaluate 13 - (-6 + 4) - 31.
-16
Calculate 14 - (4 + -3 + 24 + -21).
10
Calculate -11 - (-42 - -34 - (-2 - -3)).
-2
What is the value of (-3 + -14 - (2 - 35)) + -5?
11
What is -6 - ((14 - 10) + -21)?
11
What is the value of 10 - (4 + -1) - (-25 - -49)?
-17
Evaluate -7 + 2 + (6 - (-12 + (1 - -2))).
10
What is the value of (-11 - (21 - 25)) + 0 + 17?
10
Evaluate 9 + (-8 - -8 - 6) + -4.
-1
-1414 + 1410 - (1 + (2 - -18))
-25
Calculate 10 + (1 - -16) + -18.
9
Calculate (-28 - (-3 + -19)) + (0 - -14).
8
What is the value of 7 + (-13 - 1 - (9 - (3 + 2)))?
-11
What is -51 + (-24 - -2) + 53?
-20
What is the value of (185 - 175) + (-3 + 2 - (0 + -23))?
32
What is the value of 1 + 7 - (-1 + 9 + 13)?
-13
Calculate (-3 - ((-13 - -12) + 4)) + (18 - 0).
12
Calculate -450 + 448 - (5 + 0).
-7
Evaluate -1 - (23 + -12) - -2.
-10
153 - 158 - (38 - (-4 - -9))
-38
What is 11 + (27 - -8) - 38?
8
What is 13 - (0 + 10 + -11 + -3)?
17
(5 - (7 + -7) - 5) + (-1 - 8)
-9
Calculate (8 - (2 - 1)) + 5 + (-2 - 8).
2
What is 7 + (32 - 17) - 15?
7
Calculate 30 - (-3 + -3 + -4 + 1 + 12).
27
-9 + (23 - (0 + 6))
8
8 - (27 - 9 - 3)
-7
18 + (-18 - -23) - 11
12
Calculate (-5 - -4 - 2) + 17 + -9.
5
Calculate (-21 - (-60 + (-29 - -46))) + (0 - -1).
23
What is -4 + 2 + 1 + 6 + 3?
8
What is the value of -32 + -2 - -6 - (-64 + 53)?
-17
What is the value of 9 + -14 + (13 - -4)?
12
(-2 - 6) + 15 - (-2 + 4)
5
What is the value of (14 - (24 - (-5 - -2))) + 5?
-8
What is -24 + 27 - 34 - (-15 + 3)?
-19
-28 + 14 - (4 + 3 + 5)
-26
Calculate (-2 - -4) + 9 + 1 - -12.
24
What is the value of 0 - 18 - (-510 - -498)?
-6
Evaluate 15 + 1 + -1 - (-8 + (-6 - -13)).
16
Evaluate (1 - (-5 + -7)) + 6 - (2 + -1).
18
Evaluate -9 + -4 - (-23 + 23 + 5).
-18
What is 77 + -65 + 5 + -37 + -6?
-26
What is -1 + -2 + (-9 - -6) - -9?
3
What is the value of 54 + -18 + (-35 - 8)?
-7
45 + -28 - (-6 - -6 - 15)
32
What is the value of -7 - ((-33 - -17) + 13)?
-4
What is (1 - 24) + -253 + 280?
4
What is the value of 23 + -28 + (0 - -13) - 2 - -11?
17
Evaluate 0 + 14 - (-73 - (-100 - -40)).
27
(9 - (19 + -9)) + 1 - -8
8
(-12 + 1 - -7) + -35 - -7
-32
Evaluate -3 - ((0 - -4) + (-19 - -20)).
-8
Evaluate (-2 + 2 + -7 - 3) + 6 + 2.
-2
Evaluate -24 - (-26 + 50 - 26).
-22
What is -7 - -8 - (9 - 2 - (1 - -12))?
7
16 + -1 + (1 + -4 - (48 + -56))
20
Evaluate ((-17 - -10) + -7 - -4) + 5.
-5
Calculate 37 + -47 - (-4 + -21) - 21.
-6
Calculate 1 + -12 + (-2 - (-4 + 15 + -11)).
-13
Evaluate -35 - (22 + -7 - 28 - 2).
-20
Evaluate -22 - -1 - (117 - 117).
-21
Calculate 12 + (13 - 59) + 69.
35
What is 17 - (21 - 12 - 0)?
8
What is the value of (-14 - (1 + 0 + -9)) + 3?
-3
Calculate -6 + -15 + 6 + 11.
-4
What is (14 - (-15 + -22)) + -19?
32
Evaluate 0 - (-10 + 6 + -8) - 2.
10
Calculate -28 - ((1 - 12 - -3) + 5).
-25
Calculate (-7 - -3) + 65 + -54.
7
What is the value of 26 + -7 + 0 - (4 - (1 - 3))?
13
What is the value of 7 - (10 - (-8 + 2))?
-9
What is (788 - 806) + -11 + -2?
-31
What is the value of -1 + -4 + 30 + -22?
3
Calculate (11 - 24) + 13 - -7 - (4 - 0).
3
What is -2 - 3 - ((15 - 8) + -9 + -12)?
9
Evaluate 5 - ((44 - 41) + (0 - 7)) - 5.
4
What is (-19 + 3 - 1) + -5 + (-46 - -44)?
-24
Evaluate -14 + (-1 - 0) + (3 - -3).
-9
(7 - 9) + -5 + 12 + -6 + 4
3
What is the value of -10 + 0 + (106 - 115) - -3?
-16
(-499 - -504) + (12 - (-2 + 0))
19
What is the value of -4 + -7 + -2 + 15?
2
What is 10 + 2 - -1 - (201 + -198)?
10
What is (27 - 56 - -33) + -23?
-19
Evaluate -18 + (-7 - ((-12 - -4) + -5)).
-12
Calculate 41 - 68 - (-15 + 14).
-26
Calculate -1 + (-10 - -12) - 11.
-10
-2 + 5 + (5 - 6) + -9 + -4
-11
What is (-1 - 19 - -1 - -6) + (-9 - -2)?
-20
What is the value of 1 + 8 + -26 + 4 + -6 + 6?
-13
What is 8 + -18 + (-13 - -15) - (-20 - -1)?
11
What is (-2 + 1 - -9) + -5 + -9?
-6
What is -15 + -1 + (-2 - -13)?
-5
13 + (-5 - 6 - -5) + 13 + 9
29
Calculate 9 + (-41 + 19 - -8).
-5
(38 - (-2 + 17) - 13) + 1 + 15
26
What is (-1 + 0 - -5 - 7) + 2?
-1
What is (25 - 4 - (15 + -15)) + 0 + -5?
16
What is the value of -6 + 19 - 41 - -20?
-8
What is -1 + (4 + -8 - -13) - (72 + -65)?
1
What is the value of -9 - -4 - (-18 + (9 - 1 - 18))?
23
-2 + -5 + (8 - 0) + (8 - -2)
11
-15 - (-200 + 201 + (-2 - (-1 + 0)))
-15
Evaluate (-2 - -5 - (1 + 1 - -5)) + -9.
-13
What is -1 - 0 - 7 - (-28 - (43 - 56))?
7
Evaluate 7 - ((6 - (14 + -7) - 3) + -2).
13
(-1 - -5) + -10 - -11
5
What is the value of 20 + -9 + -4 - ((6 - 8) + 3)?
6
Evaluate -7 + 11 + 4 + (-9 - 5).
-6
7 + -1 + (-2 - -7) + -28 + 27
10
Evaluate (-3 - 19 - 5) + 119 + -115.
-23
-16 + -10 + (-17 - -27)
-16
What is the value of -142 - -132 - (3 + 0)?
-13
Calculate 9 + (1 - 0) - (-5 + -37 - -44).
8
What is the value of -16 - (-15 - (-2 + 3 + -8))?
-8
What is the value of -205 + 230 + (-3 + 1 - -2)?
25
Evaluate -3 + (33 - (-18 + 19)).
29
Evaluate 2 + 2 + (36 - 30).
10
(32 - 20) + (2 - 28)
-14
-11 + (-11 - -16) + 8 + -6
-4
What is (-6 - -5 - -1) + 20 + 8?
28
Calculate -119 + 80 + 24 + (1 - -6).
-8
Calculate 171 + -169 + (7 - (0 + -2)).
11
What is -7 - (-8 + (2 - -1) + -1 + 5)?
-6
What is the value of 15 + (-27 - -12 - -3)?
3
Evaluate 34 - 23 - (5 + -5).
11
What is 7 + (11 - 9 - (21 + 2))?
-14
Evaluate 14 + 17 + -5 + 5.
31
12 - (31 + -2 + (-3 - 7))
-7
Calculate 0 + (1 - 6) + -5 + 20.
10
Evaluate -9 + 7 + 6 - (-6 + 13) - 16.
-19
Calculate (-3 - (4 - -2) - -1) 